r of 112815 and 106789?
23
Calculate the highest common divisor of 193 and 108518689.
193
What is the greatest common factor of 5729 and 8732681?
337
What is the greatest common divisor of 93060073 and 2321?
211
What is the highest common divisor of 8440 and 5918128?
1688
Calculate the highest common factor of 4066461 and 1764.
441
What is the greatest common factor of 737500 and 3379520?
1180
What is the highest common divisor of 117266375 and 860?
215
Calculate the greatest common divisor of 84286933 and 47.
47
What is the highest common divisor of 2852185 and 12215?
35
What is the highest common factor of 329226 and 45918?
6
Calculate the highest common factor of 18 and 31675266.
18
What is the highest common divisor of 6113 and 3026601317?
6113
Calculate the greatest common factor of 88 and 5350708.
44
What is the highest common divisor of 21 and 60069?
3
Calculate the greatest common divisor of 167640 and 4592280.
1320
What is the greatest common divisor of 18 and 985648?
2
What is the highest common factor of 60579 and 1261188?
477
What is the highest common divisor of 181844 and 298052?
1076
What is the highest common divisor of 3449 and 1158384589?
3449
What is the greatest common factor of 1070185 and 3971940?
965
What is the highest common divisor of 1337700 and 7540?
260
Calculate the highest common divisor of 19104 and 1826024.
1592
What is the greatest common divisor of 52 and 18124756?
52
Calculate the greatest common divisor of 3220 and 252080.
460
What is the highest common divisor of 112255 and 45760?
715
Calculate the greatest common divisor of 266310 and 430.
10
What is the highest common factor of 72027788 and 308?
28
Calculate the greatest common factor of 78438 and 1750014.
102
What is the greatest common divisor of 11690064 and 192?
48
Calculate the highest common divisor of 2170 and 98924.
14
Calculate the greatest common factor of 25239 and 562418.
179
Calculate the highest common divisor of 43 and 1116695251.
43
Calculate the highest common factor of 3971151 and 14816.
463
What is the greatest common divisor of 5412 and 702699?
123
Calculate the highest common divisor of 18 and 36318186.
18
What is the greatest common divisor of 1546495 and 4945?
215
What is the highest common factor of 3671856 and 1376?
688
Calculate the greatest common factor of 31005 and 59268045.
795
What is the highest common factor of 27087359 and 13?
13
What is the highest common divisor of 16 and 363422?
2
Calculate the highest common divisor of 160 and 70335760.
80
Calculate the highest common divisor of 18486044 and 38137.
3467
Calculate the highest common factor of 5691 and 1059513.
21
What is the highest common divisor of 1256 and 34838614?
314
Calculate the highest common factor of 4066 and 838394.
38
Calculate the highest common divisor of 107 and 85309281.
107
What is the highest common divisor of 8582162 and 243017?
3329
What is the greatest common divisor of 27095 and 65?
5
What is the highest common factor of 1506536 and 40?
8
Calculate the greatest common factor of 8717 and 22931.
23
Calculate the greatest common factor of 28440 and 29200.
40
Calculate the highest common factor of 422417024 and 48.
16
Calculate the highest common divisor of 92840 and 4070.
110
What is the greatest common factor of 1467752 and 3256?
88
Calculate the highest common divisor of 1217688 and 2147.
113
What is the greatest common factor of 97383 and 496449?
681
What is the greatest common divisor of 2616505 and 5420?
1355
Calculate the greatest common divisor of 136 and 141457612.
68
Calculate the greatest common divisor of 1374 and 44358.
6
What is the greatest common factor of 188777 and 115937?
607
What is the highest common divisor of 3328 and 4847206?
26
What is the greatest common divisor of 1079 and 10142600?
1079
Calculate the highest common divisor of 7190400 and 128640.
1920
What is the greatest common divisor of 482 and 19556909?
241
Calculate the highest common factor of 564567421 and 22.
11
Calculate the greatest common divisor of 16 and 298941840.
16
What is the greatest common factor of 158356 and 2082784?
2684
Calculate the greatest common factor of 13189950 and 200.
50
What is the highest common divisor of 6 and 2675794?
2
Calculate the highest common divisor of 432740 and 30348.
1124
Calculate the highest common divisor of 3021 and 34907655.
3021
Calculate the greatest common factor of 45 and 2882097.
9
Calculate the greatest common divisor of 1200 and 3609460.
20
What is the highest common divisor of 8361432 and 360?
72
Calculate the highest common factor of 80928 and 130946.
562
Calculate the greatest common factor of 4085315 and 5655.
65
Calculate the highest common divisor of 179678344 and 16.
8
What is the highest common divisor of 2464 and 481789?
77
What is the highest common divisor of 29072 and 15860830?
158
Calculate the greatest common divisor of 134 and 12556671.
67
What is the greatest common factor of 482475 and 8925?
525
What is the highest common factor of 1279 and 691395425?
1279
Calculate the highest common divisor of 1820 and 9372220.
260
Calculate the greatest common factor of 3666229 and 1197.
7
What is the greatest common divisor of 14687033 and 6098?
3049
What is the greatest common divisor of 22002760 and 195?
65
Calculate the highest common divisor of 8313505 and 20.
5
What is the greatest common factor of 228738345 and 1023?
33
Calculate the highest common factor of 197761302 and 36.
18
Calculate the greatest common divisor of 8378105 and 4847.
131
Calculate the highest common factor of 27594 and 22201344.
3942
What is the greatest common divisor of 74882410 and 12275?
2455
Calculate the highest common factor of 955 and 463010.
5
Calculate the highest common divisor of 19857502 and 3738.
1246
What is the greatest common divisor of 62 and 4337334?
62
Calculate the highest common factor of 45872299 and 11.
11
What is the highest common divisor of 485486 and 144362?
262
Calculate the highest common divisor of 20758 and 3187530.
214
What is the highest common divisor of 81833202 and 36?
18
What is the highest common divisor of 8598177 and 189?
189
Calculate the highest common factor of 11135227 and 412.
103
What is the greatest common divisor of 17420 and 1143805?
65
Calculate the highest common divisor of 12912357 and 3243.
141
Calculate the greatest common factor of 31 and 658037.
31
Calculate the greatest common divisor of 26604 and 3906.
18
Calculate the highest common factor of 1515 and 8915.
5
Calculate the highest common divisor of 72 and 131443608.
24
Calculate the greatest common divisor of 90 and 2365120.
10
Calculate the greatest common factor of 91 and 10924108.
13
Calculate the highest common factor of 131718886 and 2650.
106
Calculate the highest common divisor of 16794623 and 1173.
391
What is the highest common factor of 30051594 and 110622?
1074
What is the highest common divisor of 58600 and 3040168?
2344
Calculate the greatest common divisor of 1580 and 164860.
20
Calculate the greatest common factor of 77 and 1122347611.
77
Calculate the greatest common factor of 779994475 and 75.
25
Calculate the greatest common divisor of 6830 and 172016965.
3415
Calculate the highest common factor of 7638 and 1541402.
134
Calculate the highest common factor of 38709 and 2664849.
759
What is the greatest common factor of 33200 and 1376560?
80
What is the highest common divisor of 12720 and 37280?
80
Calculate the highest common divisor of 2492854 and 4342.
26
Calculate the highest common divisor of 6203725 and 11943.
1327
What is the greatest common divisor of 4968 and 1161891?
621
Calculate the highest common divisor of 524790 and 241910.
170
Calculate the greatest common factor of 11405237 and 214.
107
What is the highest common factor of 1011360 and 55520?
160
What is the highest common divisor of 2394 and 3672018?
126
What is the highest common divisor of 8400335 and 61024?
1907
What is the highest common divisor of 23520 and 18048?
96
Calculate the greatest common factor of 51790 and 71840.
10
Calculate the greatest common divisor of 27 and 31679127.
27
Calculate the highest common factor of 18467950 and 68.
34
Calculate the greatest common factor of 993 and 30833643.
993
What is the greatest common di